{"id":3550,"date":"2019-05-08T11:42:21","date_gmt":"2019-05-08T09:42:21","guid":{"rendered":"http:\/\/antigone.filarete.it\/?page_id=64"},"modified":"2024-04-19T16:43:50","modified_gmt":"2024-04-19T14:43:50","slug":"autori","status":"publish","type":"page","link":"https:\/\/www.rapportoantigone.it\/ventesimo-rapporto-sulle-condizioni-di-detenzione\/autori\/","title":{"rendered":"Autori"},"content":{"rendered":"<p>[vc_row][vc_column width=&#8221;1\/4&#8243;]<h4 class=\"grve-element grve-align-left grve-title-no-line grve-h4 autore\" style=\"\"><span><\/span><\/h4>[\/vc_column][vc_column width=&#8221;3\/4&#8243;]<h4 class=\"grve-element grve-align-left grve-title-no-line grve-h4 grve-animated-item grve-fadeIn titolo\" style=\"\" data-delay=\"200\"><span>Autori<\/span><\/h4><h4 class=\"grve-element grve-align-left grve-title-no-line grve-h4 grve-animated-item grve-fadeIn sottotitolo\" style=\"\" data-delay=\"200\"><span><\/span><\/h4>[vc_empty_space height=&#8221;50px&#8221;][\/vc_column][\/vc_row][vc_row][vc_column width=&#8221;1\/4&#8243; el_class=&#8221;citazione&#8221;][vc_column_text]Curatori[\/vc_column_text][\/vc_column][vc_column width=&#8221;3\/4&#8243;][vc_column_text animation=&#8221;fadeIn&#8221;]<strong>Michele Miravalle<\/strong><br \/>\nCoordinatore nazionale Osservatorio sulle condizioni di detenzione, ricercatore in sociologia del diritto all\u2019Universit\u00e0 di Torino \u2013 Dipartimento di Giurisprudenza[\/vc_column_text][vc_column_text animation=&#8221;fadeIn&#8221;]<strong>Alessio Scandurra<\/strong><br \/>\nCoordinatore nazionale Osservatorio sulle condizioni di detenzione di Antigone e coordinatore European Prison Observatory.[\/vc_column_text][vc_empty_space height=&#8221;50px&#8221;][\/vc_column][\/vc_row][vc_row][vc_column width=&#8221;1\/4&#8243; el_class=&#8221;citazione&#8221;][vc_column_text]Autrici e autori[\/vc_column_text][\/vc_column][vc_column width=&#8221;3\/4&#8243;][vc_column_text animation=&#8221;fadeIn&#8221;]<strong>Anna Acconcia<\/strong><br \/>\nAvvocata del foro di Milano e mediatrice familiare e comunitaria. Dottoranda in diritto penale presso l\u2019Universit\u00e0 Cattolica del Sacro Cuore di Milano in tema di nuove strategie di prevenzione generale dei reati ed \u00e8 componente del gruppo di ricerca dell\u2019Alta Scuola \u201cFederico Stella\u201d sulla Giustizia penale. Collabora con il Difensore Civico di Antigone da maggio 2022.<\/p>\n<p><strong>Perla Arianna Allegri<\/strong><br \/>\nAssegnista di ricerca in Filosofia e Sociologia del Diritto presso il Dipartimento di Giurisprudenza dell\u2019Universit\u00e0 degli Studi di Torino. Responsabile scientifico del polo di formazione dell\u2019Associazione Antigone, membro dell\u2019Osservatorio nazionale sulle condizioni di detenzione e Presidente di Antigone Calabria.<\/p>\n<p><strong>Sofia Antonelli<\/strong><br \/>\nLaureata in Diritti Umani all\u2019Universit\u00e0 di Padova. Dal 2020 \u00e8 ricercatrice presso l\u2019Associazione Antigone e coordina l\u2019ufficio del Difensore Civico.<\/p>\n<p><strong>Chiara Castaldo<\/strong><br \/>\nLaureata in Giurisprudenza presso l\u2019Alma Mater Studiorum di Bologna. Ha svolto un tirocinio curriculare presso il Tribunale dei Minorenni dell\u2019Emilia Romagna. Collabora con il Difensore Civico di Antigone da giugno 2022.<\/p>\n<p><strong>Maria Serena Costantini<\/strong><br \/>\nLaureata in giurisprudenza presso l\u2019Universit\u00e0 degli Studi di Roma La Sapienza con tesi in diritto penale. Attualmente collabora in uno studio legale a Roma. \u00c8 stata volontaria di Servizio Civile presso l\u2019associazione Antigone. Collabora con il Difensore Civico di Antigone dal 2021 e con lo Sportello di Rebibbia Nuovo complesso dal 2022.<\/p>\n<p><strong>Laura D&#8217;Amato<\/strong><br \/>\nLaureata in Scienze dei Servizi Giuridici presso l&#8217;Universit\u00e0 degli Studi di Roma Tre, attualmente studentessa in Investigazione, Criminalit\u00e0 e Sicurezza Internazionale presso l&#8217;Universit\u00e0 degli Studi Internazionali di Roma. Ha svolto il Tirocinio curricolare presso Associazione Antigone.<\/p>\n<p><strong>Elia De Caro<\/strong><br \/>\nAvvocato del foro di Bologna, \u00e8 responsabile del Difensore Civico di Antigone.<\/p>\n<p><strong>Patrizio Gonnella<\/strong><br \/>\nPresidente di Antigone e ricercatore in Sociologia e Filosofia del diritto all\u2019Universit\u00e0 Roma Tre. Fa parte dell\u2019Observatory of national preventive mechanisms against torture.<\/p>\n<p><strong>Jessica Lorenzon<\/strong><br \/>\nRicercatrice presso il Laboratorio sui Diritti Fondamentali del Collegio Carlo Alberto di Torino e osservatrice per Antigone negli Istituti di pena per adulti e minori.<\/p>\n<p><strong>Susanna Marietti<\/strong><br \/>\nCoordinatrice nazionale di Antigone. Coordina anche l\u2019Osservatorio sulle carceri minorili. Tiene un blog sulla giustizia penale ospitato dal Fatto Quotidiano. Cura e conduce, insieme a Patrizio Gonnella, la trasmissione radiofonica \u201cJailhouse Rock\u201d in onda su Radio Popolare. E\u2019 presidente della polisportiva Atletico Diritti.<\/p>\n<p><strong>Edoardo Paoletti<\/strong><br \/>\nPraticante avvocato, ha conseguito un Master di II livello in \u201cDiritto penitenziario e Costituzione\u201d presso l\u2019Universit\u00e0 Roma Tre. E\u2019 stato volontario dello Sportello di informazione legale nella C.C. di Regina Coeli di Roma. Collabora con il Difensore Civico di Antigone da novembre 2019.<\/p>\n<p><strong>Valerio Pascali<\/strong><br \/>\nMembro del direttivo regionale Antigone Emilia-Romagna e dell\u2019osservatorio parallelo sulle condizioni di detenzione. Laureato in Giurisprudenza e dottore di ricerca in scienze sociali, cultore della materia in Sociologia del carcere e attualmente Ricercatore non confermato presso dipartimento scienze giuridiche.<\/p>\n<p><strong>Ignazio Juan Patrone<\/strong><br \/>\nGi\u00e0 magistrato, \u00e8 attualmente membro del Comitato scientifico dell\u2019Associazione Antigone.<\/p>\n<p><strong>Pasquale Prencipe<\/strong><br \/>\nPraticante avvocato del Foro di Roma, ha conseguito la laurea in Giurisprudenza presso l\u2019Universit\u00e0 degli Studi di Roma Tre, con una tesi in Sociologia del diritto sui Dirigenti penitenziari. Dal 2022 fa parte dello sportello di informazione legale presso gli istituti di Rebibbia femminile, Rebibbia III Casa e Rebibbia Casa di Reclusione.<\/p>\n<p><strong>Luigi Romano<\/strong><br \/>\nAvvocato del Foro di Benevento e Assegnista di ricerca in Diritto romano presso il Dipartimento di Giurisprudenza dell&#8217;Universit\u00e0 di Napoli Federico II, \u00e8 membro dell&#8217;Osservatorio di Antigone.<\/p>\n<p><strong>Daniela Ronco<br \/>\n<\/strong>Ricercatrice in Sociologia giuridica, della devianza e mutamento sociale presso il Dipartimento di Giurisprudenza dell\u2019Universit\u00e0 degli Studi di Torino. Responsabile della formazione dell\u2019Associazione Antigone e membro dell\u2019Osservatorio nazionale sulle condizioni di detenzione, che ha coordinato tra il 2007 e il 2015.<\/p>\n<p><strong>Francesca Stanizzi<\/strong><br \/>\nLaureata in Giurisprudenza presso l\u2019Universit\u00e0 degli Studi di Roma La Sapienza. Collabora con il Difensore Civico di Antigone da febbraio 2020. Dal 2024 coordina lo Sportello per i Diritti presso la Casa Circondariale di Rebibbia Nuovo Complesso.<\/p>\n<p><strong>Rachele Stroppa<\/strong><br \/>\nLaureata in Giurisprudenza Europea e Transnazionale presso l\u2019Universit\u00e0 degli Studi di Trento, ha conseguito un PhD in Diritto e Scienze Politiche presso l\u2019Universitat de Barcelona con una tesi riguardante l\u2019isolamento penitenziario. Da ottobre 2023 \u00e8 ricercatrice di Antigone.<\/p>\n<p><strong>Raffaele Tartaglia<\/strong><br \/>\nStudente del corso di laurea magistrale in Giurisprudenza dell&#8217;Universit\u00e0 di Napoli &#8220;Federico II&#8221; e allievo ordinario del corso in &#8220;Global history and governance&#8221; della Scuola Superiore Meridionale di Napoli. Attivista dello Sportello per i Diritti dell&#8217;Associazione Antigone attivo nella Casa circondariale femminile di Pozzuoli.<\/p>\n<p><strong>Maria Vittoria Tatangelo<\/strong><br \/>\nLaureata in giurisprudenza presso l\u2019Universit\u00e0 degli Studi di Roma La Sapienza con tesi in diritto penale. Abilitata all\u2019esercizio della professione forense. Volontaria di Servizio Civile presso l\u2019associazione Antigone aa. 2022\/2023. Collabora con lo Sportello di Rebibbia Nuovo complesso dal 2022. Docente di diritto ed economia in un liceo romano.[\/vc_column_text][vc_empty_space height=&#8221;50px&#8221;][\/vc_column][\/vc_row]<\/p>\n","protected":false},"excerpt":{"rendered":"<p>[vc_row][vc_column width=&#8221;1\/4&#8243;][\/vc_column][vc_column width=&#8221;3\/4&#8243;][vc_empty_space height=&#8221;50px&#8221;][\/vc_column][\/vc_row][vc_row][vc_column width=&#8221;1\/4&#8243; el_class=&#8221;citazione&#8221;][vc_column_text]Curatori[\/vc_column_text][\/vc_column][vc_column width=&#8221;3\/4&#8243;][vc_column_text animation=&#8221;fadeIn&#8221;]Michele Miravalle Coordinatore nazionale Osservatorio sulle condizioni di detenzione, ricercatore in sociologia del diritto all\u2019Universit\u00e0 di Torino \u2013 Dipartimento di Giurisprudenza[\/vc_column_text][vc_column_text animation=&#8221;fadeIn&#8221;]Alessio Scandurra Coordinatore nazionale Osservatorio sulle condizioni di detenzione di Antigone e coordinatore European Prison Observatory.[\/vc_column_text][vc_empty_space height=&#8221;50px&#8221;][\/vc_column][\/vc_row][vc_row][vc_column width=&#8221;1\/4&#8243; el_class=&#8221;citazione&#8221;][vc_column_text]Autrici e autori[\/vc_column_text][\/vc_column][vc_column width=&#8221;3\/4&#8243;][vc_column_text animation=&#8221;fadeIn&#8221;]Anna Acconcia Avvocata del foro [&hellip;]<\/p>\n","protected":false},"author":1,"featured_media":7113,"parent":0,"menu_order":0,"comment_status":"closed","ping_status":"closed","template":"","meta":{"_acf_changed":false,"om_disable_all_campaigns":false,"_monsterinsights_skip_tracking":false,"_monsterinsights_sitenote_active":false,"_monsterinsights_sitenote_note":"","_monsterinsights_sitenote_category":0,"footnotes":""},"acf":[],"_links":{"self":[{"href":"https:\/\/www.rapportoantigone.it\/ventesimo-rapporto-sulle-condizioni-di-detenzione\/wp-json\/wp\/v2\/pages\/3550"}],"collection":[{"href":"https:\/\/www.rapportoantigone.it\/ventesimo-rapporto-sulle-condizioni-di-detenzione\/wp-json\/wp\/v2\/pages"}],"about":[{"href":"https:\/\/www.rapportoantigone.it\/ventesimo-rapporto-sulle-condizioni-di-detenzione\/wp-json\/wp\/v2\/types\/page"}],"author":[{"embeddable":true,"href":"https:\/\/www.rapportoantigone.it\/ventesimo-rapporto-sulle-condizioni-di-detenzione\/wp-json\/wp\/v2\/users\/1"}],"replies":[{"embeddable":true,"href":"https:\/\/www.rapportoantigone.it\/ventesimo-rapporto-sulle-condizioni-di-detenzione\/wp-json\/wp\/v2\/comments?post=3550"}],"version-history":[{"count":23,"href":"https:\/\/www.rapportoantigone.it\/ventesimo-rapporto-sulle-condizioni-di-detenzione\/wp-json\/wp\/v2\/pages\/3550\/revisions"}],"predecessor-version":[{"id":7662,"href":"https:\/\/www.rapportoantigone.it\/ventesimo-rapporto-sulle-condizioni-di-detenzione\/wp-json\/wp\/v2\/pages\/3550\/revisions\/7662"}],"wp:featuredmedia":[{"embeddable":true,"href":"https:\/\/www.rapportoantigone.it\/ventesimo-rapporto-sulle-condizioni-di-detenzione\/wp-json\/wp\/v2\/media\/7113"}],"wp:attachment":[{"href":"https:\/\/www.rapportoantigone.it\/ventesimo-rapporto-sulle-condizioni-di-detenzione\/wp-json\/wp\/v2\/media?parent=3550"}],"curies":[{"name":"wp","href":"https:\/\/api.w.org\/{rel}","templated":true}]}}

<p>[vc_row][vc_column width=&#8221;1/4&#8243;]<h4 class="grve-element grve-align-left grve-title-no-line grve-h4 autore" style=""><span></span></h4>[/vc_column][vc_column width=&#8221;3/4&#8243;]<h4 class="grve-element grve-align-left grve-title-no-line grve-h4 grve-animated-item grve-fadeIn titolo" style="" data-delay="200"><span>Autori</span></h4><h4 class="grve-element grve-align-left grve-title-no-line grve-h4 grve-animated-item grve-fadeIn sottotitolo" style="" data-delay="200"><span></span></h4>[vc_empty_space height=&#8221;50px&#8221;][/vc_column][/vc_row][vc_row][vc_column width=&#8221;1/4&#8243; el_class=&#8221;citazione&#8221;][vc_column_text]Curatori[/vc_column_text][/vc_column][vc_column width=&#8221;3/4&#8243;][vc_column_text animation=&#8221;fadeIn&#8221;]<strong>Michele Miravalle</strong><br />
Coordinatore nazionale Osservatorio sulle condizioni di detenzione, ricercatore in sociologia del diritto all’Università di Torino – Dipartimento di Giurisprudenza[/vc_column_text][vc_column_text animation=&#8221;fadeIn&#8221;]<strong>Alessio Scandurra</strong><br />
Coordinatore nazionale Osservatorio sulle condizioni di detenzione di Antigone e coordinatore European Prison Observatory.[/vc_column_text][vc_empty_space height=&#8221;50px&#8221;][/vc_column][/vc_row][vc_row][vc_column width=&#8221;1/4&#8243; el_class=&#8221;citazione&#8221;][vc_column_text]Autrici e autori[/vc_column_text][/vc_column][vc_column width=&#8221;3/4&#8243;][vc_column_text animation=&#8221;fadeIn&#8221;]<strong>Anna Acconcia</strong><br />
Avvocata del foro di Milano e mediatrice familiare e comunitaria. Dottoranda in diritto penale presso l’Università Cattolica del Sacro Cuore di Milano in tema di nuove strategie di prevenzione generale dei reati ed è componente del gruppo di ricerca dell’Alta Scuola “Federico Stella” sulla Giustizia penale. Collabora con il Difensore Civico di Antigone da maggio 2022.</p>
<p><strong>Perla Arianna Allegri</strong><br />
Assegnista di ricerca in Filosofia e Sociologia del Diritto presso il Dipartimento di Giurisprudenza dell’Università degli Studi di Torino. Responsabile scientifico del polo di formazione dell’Associazione Antigone, membro dell’Osservatorio nazionale sulle condizioni di detenzione e Presidente di Antigone Calabria.</p>
<p><strong>Sofia Antonelli</strong><br />
Laureata in Diritti Umani all’Università di Padova. Dal 2020 è ricercatrice presso l’Associazione Antigone e coordina l’ufficio del Difensore Civico.</p>
<p><strong>Chiara Castaldo</strong><br />
Laureata in Giurisprudenza presso l’Alma Mater Studiorum di Bologna. Ha svolto un tirocinio curriculare presso il Tribunale dei Minorenni dell’Emilia Romagna. Collabora con il Difensore Civico di Antigone da giugno 2022.</p>
<p><strong>Maria Serena Costantini</strong><br />
Laureata in giurisprudenza presso l’Università degli Studi di Roma La Sapienza con tesi in diritto penale. Attualmente collabora in uno studio legale a Roma. È stata volontaria di Servizio Civile presso l’associazione Antigone. Collabora con il Difensore Civico di Antigone dal 2021 e con lo Sportello di Rebibbia Nuovo complesso dal 2022.</p>
<p><strong>Laura D&#8217;Amato</strong><br />
Laureata in Scienze dei Servizi Giuridici presso l&#8217;Università degli Studi di Roma Tre, attualmente studentessa in Investigazione, Criminalità e Sicurezza Internazionale presso l&#8217;Università degli Studi Internazionali di Roma. Ha svolto il Tirocinio curricolare presso Associazione Antigone.</p>
<p><strong>Elia De Caro</strong><br />
Avvocato del foro di Bologna, è responsabile del Difensore Civico di Antigone.</p>
<p><strong>Patrizio Gonnella</strong><br />
Presidente di Antigone e ricercatore in Sociologia e Filosofia del diritto all’Università Roma Tre. Fa parte dell’Observatory of national preventive mechanisms against torture.</p>
<p><strong>Jessica Lorenzon</strong><br />
Ricercatrice presso il Laboratorio sui Diritti Fondamentali del Collegio Carlo Alberto di Torino e osservatrice per Antigone negli Istituti di pena per adulti e minori.</p>
<p><strong>Susanna Marietti</strong><br />
Coordinatrice nazionale di Antigone. Coordina anche l’Osservatorio sulle carceri minorili. Tiene un blog sulla giustizia penale ospitato dal Fatto Quotidiano. Cura e conduce, insieme a Patrizio Gonnella, la trasmissione radiofonica “Jailhouse Rock” in onda su Radio Popolare. E’ presidente della polisportiva Atletico Diritti.</p>
<p><strong>Edoardo Paoletti</strong><br />
Praticante avvocato, ha conseguito un Master di II livello in “Diritto penitenziario e Costituzione” presso l’Università Roma Tre. E’ stato volontario dello Sportello di informazione legale nella C.C. di Regina Coeli di Roma. Collabora con il Difensore Civico di Antigone da novembre 2019.</p>
<p><strong>Valerio Pascali</strong><br />
Membro del direttivo regionale Antigone Emilia-Romagna e dell’osservatorio parallelo sulle condizioni di detenzione. Laureato in Giurisprudenza e dottore di ricerca in scienze sociali, cultore della materia in Sociologia del carcere e attualmente Ricercatore non confermato presso dipartimento scienze giuridiche.</p>
<p><strong>Ignazio Juan Patrone</strong><br />
Già magistrato, è attualmente membro del Comitato scientifico dell’Associazione Antigone.</p>
<p><strong>Pasquale Prencipe</strong><br />
Praticante avvocato del Foro di Roma, ha conseguito la laurea in Giurisprudenza presso l’Università degli Studi di Roma Tre, con una tesi in Sociologia del diritto sui Dirigenti penitenziari. Dal 2022 fa parte dello sportello di informazione legale presso gli istituti di Rebibbia femminile, Rebibbia III Casa e Rebibbia Casa di Reclusione.</p>
<p><strong>Luigi Romano</strong><br />
Avvocato del Foro di Benevento e Assegnista di ricerca in Diritto romano presso il Dipartimento di Giurisprudenza dell&#8217;Università di Napoli Federico II, è membro dell&#8217;Osservatorio di Antigone.</p>
<p><strong>Daniela Ronco<br />
</strong>Ricercatrice in Sociologia giuridica, della devianza e mutamento sociale presso il Dipartimento di Giurisprudenza dell’Università degli Studi di Torino. Responsabile della formazione dell’Associazione Antigone e membro dell’Osservatorio nazionale sulle condizioni di detenzione, che ha coordinato tra il 2007 e il 2015.</p>
<p><strong>Francesca Stanizzi</strong><br />
Laureata in Giurisprudenza presso l’Università degli Studi di Roma La Sapienza. Collabora con il Difensore Civico di Antigone da febbraio 2020. Dal 2024 coordina lo Sportello per i Diritti presso la Casa Circondariale di Rebibbia Nuovo Complesso.</p>
<p><strong>Rachele Stroppa</strong><br />
Laureata in Giurisprudenza Europea e Transnazionale presso l’Università degli Studi di Trento, ha conseguito un PhD in Diritto e Scienze Politiche presso l’Universitat de Barcelona con una tesi riguardante l’isolamento penitenziario. Da ottobre 2023 è ricercatrice di Antigone.</p>
<p><strong>Raffaele Tartaglia</strong><br />
Studente del corso di laurea magistrale in Giurisprudenza dell&#8217;Università di Napoli &#8220;Federico II&#8221; e allievo ordinario del corso in &#8220;Global history and governance&#8221; della Scuola Superiore Meridionale di Napoli. Attivista dello Sportello per i Diritti dell&#8217;Associazione Antigone attivo nella Casa circondariale femminile di Pozzuoli.</p>
<p><strong>Maria Vittoria Tatangelo</strong><br />
Laureata in giurisprudenza presso l’Università degli Studi di Roma La Sapienza con tesi in diritto penale. Abilitata all’esercizio della professione forense. Volontaria di Servizio Civile presso l’associazione Antigone aa. 2022/2023. Collabora con lo Sportello di Rebibbia Nuovo complesso dal 2022. Docente di diritto ed economia in un liceo romano.[/vc_column_text][vc_empty_space height=&#8221;50px&#8221;][/vc_column][/vc_row]</p>

<p>[vc_row][vc_column width=&#8221;1/4&#8243;][/vc_column][vc_column width=&#8221;3/4&#8243;][vc_empty_space height=&#8221;50px&#8221;][/vc_column][/vc_row][vc_row][vc_column width=&#8221;1/4&#8243; el_class=&#8221;citazione&#8221;][vc_column_text]Curatori[/vc_column_text][/vc_column][vc_column width=&#8221;3/4&#8243;][vc_column_text animation=&#8221;fadeIn&#8221;]Michele Miravalle Coordinatore nazionale Osservatorio sulle condizioni di detenzione, ricercatore in sociologia del diritto all’Università di Torino – Dipartimento di Giurisprudenza[/vc_column_text][vc_column_text animation=&#8221;fadeIn&#8221;]Alessio Scandurra Coordinatore nazionale Osservatorio sulle condizioni di detenzione di Antigone e coordinatore European Prison Observatory.[/vc_column_text][vc_empty_space height=&#8221;50px&#8221;][/vc_column][/vc_row][vc_row][vc_column width=&#8221;1/4&#8243; el_class=&#8221;citazione&#8221;][vc_column_text]Autrici e autori[/vc_column_text][/vc_column][vc_column width=&#8221;3/4&#8243;][vc_column_text animation=&#8221;fadeIn&#8221;]Anna Acconcia Avvocata del foro [&hellip;]</p>
